{"id":16,"date":"2020-10-07T14:56:14","date_gmt":"2020-10-07T14:56:14","guid":{"rendered":"http:\/\/boutiquefellini.at\/?page_id=16"},"modified":"2020-10-09T12:24:58","modified_gmt":"2020-10-09T12:24:58","slug":"ueber-uns","status":"publish","type":"page","link":"https:\/\/boutiquefellini.at\/?page_id=16","title":{"rendered":"\u00dcber uns"},"content":{"rendered":"\n<p><strong>Gr\u00fcnderin Nasrin Amiri<\/strong><\/p>\n\n\n\n<figure class=\"wp-block-image size-large\"><img loading=\"lazy\" width=\"758\" height=\"1014\" src=\"http:\/\/boutiquefellini.at\/wp-content\/uploads\/2020\/10\/nassrin-3-2.jpg\" alt=\"\" class=\"wp-image-86\" srcset=\"https:\/\/boutiquefellini.at\/wp-content\/uploads\/2020\/10\/nassrin-3-2.jpg 758w, https:\/\/boutiquefellini.at\/wp-content\/uploads\/2020\/10\/nassrin-3-2-224x300.jpg 224w, https:\/\/boutiquefellini.at\/wp-content\/uploads\/2020\/10\/nassrin-3-2-230x308.jpg 230w, https:\/\/boutiquefellini.at\/wp-content\/uploads\/2020\/10\/nassrin-3-2-350x468.jpg 350w, https:\/\/boutiquefellini.at\/wp-content\/uploads\/2020\/10\/nassrin-3-2-480x642.jpg 480w\" sizes=\"(max-width: 758px) 100vw, 758px\" \/><\/figure>\n\n\n\n<p>Meine Leidenschaft f\u00fcr Mode entwickelte sich bereits in meiner Kindheit. Als junge Frau arbeitete ich in den 1980ern als Designerin im Iran und konnte so meine Ideen und Kreationen in die Realit\u00e4t umsetzen. Diese Leidenschaft packte ich ein, und nahm sie in den 1990ern mit nach<br>\u00d6sterreich. Hierzulande war ich lange als N\u00e4herin und Verk\u00e4uferin t\u00e4tig, bis ich mir den Traum einer eigenen, kleinen Boutique im Herzen von Wien, meiner Wahlheimat, erf\u00fcllen konnte. Nun blicke ich auf 16 sch\u00f6ne Jahre \u201eFellini\u201c zur\u00fcck und freue mich auf viele weitere in denen<br>ich meine Leidenschaft an Sie weitergeben kann!<\/p>\n\n\n\n<figure class=\"wp-block-image size-large\"><a href=\"https:\/\/www.instagram.com\/fellini.vienna\/\"><img loading=\"lazy\" width=\"860\" height=\"337\" src=\"http:\/\/boutiquefellini.at\/wp-content\/uploads\/2020\/10\/286-2867472_images-in-collection-page-follow-us-on-instagram-3.png\" alt=\"\" class=\"wp-image-98\" srcset=\"https:\/\/boutiquefellini.at\/wp-content\/uploads\/2020\/10\/286-2867472_images-in-collection-page-follow-us-on-instagram-3.png 860w, https:\/\/boutiquefellini.at\/wp-content\/uploads\/2020\/10\/286-2867472_images-in-collection-page-follow-us-on-instagram-3-300x118.png 300w, https:\/\/boutiquefellini.at\/wp-content\/uploads\/2020\/10\/286-2867472_images-in-collection-page-follow-us-on-instagram-3-768x301.png 768w, https:\/\/boutiquefellini.at\/wp-content\/uploads\/2020\/10\/286-2867472_images-in-collection-page-follow-us-on-instagram-3-830x325.png 830w, https:\/\/boutiquefellini.at\/wp-content\/uploads\/2020\/10\/286-2867472_images-in-collection-page-follow-us-on-instagram-3-230x90.png 230w, https:\/\/boutiquefellini.at\/wp-content\/uploads\/2020\/10\/286-2867472_images-in-collection-page-follow-us-on-instagram-3-350x137.png 350w, https:\/\/boutiquefellini.at\/wp-content\/uploads\/2020\/10\/286-2867472_images-in-collection-page-follow-us-on-instagram-3-480x188.png 480w\" sizes=\"(max-width: 860px) 100vw, 860px\" \/><\/a><\/figure>\n","protected":false},"excerpt":{"rendered":"<p>Gr\u00fcnderin Nasrin Amiri Meine Leidenschaft f\u00fcr Mode entwickelte sich bereits in meiner Kindheit. Als junge Frau arbeitete ich in den 1980ern als Designerin im Iran und konnte so meine Ideen und Kreationen in die Realit\u00e4t umsetzen. Diese Leidenschaft packte ich ein, und nahm sie in den 1990ern mit nach\u00d6sterreich. Hierzulande war ich lange als N\u00e4herin [&hellip;]<\/p>\n","protected":false},"author":1,"featured_media":0,"parent":0,"menu_order":0,"comment_status":"closed","ping_status":"closed","template":"","meta":[],"_links":{"self":[{"href":"https:\/\/boutiquefellini.at\/index.php?rest_route=\/wp\/v2\/pages\/16"}],"collection":[{"href":"https:\/\/boutiquefellini.at\/index.php?rest_route=\/wp\/v2\/pages"}],"about":[{"href":"https:\/\/boutiquefellini.at\/index.php?rest_route=\/wp\/v2\/types\/page"}],"author":[{"embeddable":true,"href":"https:\/\/boutiquefellini.at\/index.php?rest_route=\/wp\/v2\/users\/1"}],"replies":[{"embeddable":true,"href":"https:\/\/boutiquefellini.at\/index.php?rest_route=%2Fwp%2Fv2%2Fcomments&post=16"}],"version-history":[{"count":3,"href":"https:\/\/boutiquefellini.at\/index.php?rest_route=\/wp\/v2\/pages\/16\/revisions"}],"predecessor-version":[{"id":99,"href":"https:\/\/boutiquefellini.at\/index.php?rest_route=\/wp\/v2\/pages\/16\/revisions\/99"}],"wp:attachment":[{"href":"https:\/\/boutiquefellini.at\/index.php?rest_route=%2Fwp%2Fv2%2Fmedia&parent=16"}],"curies":[{"name":"wp","href":"https:\/\/api.w.org\/{rel}","templated":true}]}}